vided by 18128?
1
What is the remainder when 2963 is divided by 1475?
13
Calculate the remainder when 6489 is divided by 2154.
27
Calculate the remainder when 1589500 is divided by 15.
10
Calculate the remainder when 3326 is divided by 186.
164
What is the remainder when 9518 is divided by 4756?
6
What is the remainder when 33932 is divided by 1037?
748
What is the remainder when 4867 is divided by 485?
17
Calculate the remainder when 39355 is divided by 46.
25
What is the remainder when 72179 is divided by 31?
11
What is the remainder when 2525 is divided by 1259?
7
What is the remainder when 2992 is divided by 552?
232
Calculate the remainder when 15029 is divided by 1077.
1028
What is the remainder when 28430 is divided by 8615?
2585
Calculate the remainder when 66978 is divided by 394.
392
Calculate the remainder when 3287 is divided by 61.
54
Calculate the remainder when 7798 is divided by 7749.
49
Calculate the remainder when 114786 is divided by 57.
45
What is the remainder when 7823618 is divided by 1148?
1146
Calculate the remainder when 50502 is divided by 12624.
6
What is the remainder when 30607 is divided by 41?
21
What is the remainder when 2084 is divided by 185?
49
What is the remainder when 19154 is divided by 10?
4
Calculate the remainder when 1147 is divided by 572.
3
What is the remainder when 233443 is divided by 29179?
11
What is the remainder when 12291 is divided by 4060?
111
What is the remainder when 1935 is divided by 30?
15
Calculate the remainder when 7674 is divided by 25.
24
What is the remainder when 497946 is divided by 393?
15
Calculate the remainder when 64294 is divided by 2.
0
Calculate the remainder when 5188 is divided by 470.
18
What is the remainder when 4273 is divided by 299?
87
Calculate the remainder when 7010 is divided by 292.
2
Calculate the remainder when 10507 is divided by 2517.
439
Calculate the remainder when 2830 is divided by 406.
394
Calculate the remainder when 16484 is divided by 147.
20
Calculate the remainder when 1857 is divided by 823.
211
Calculate the remainder when 1121754 is divided by 147.
144
Calculate the remainder when 30121 is divided by 10039.
4
What is the remainder when 118804 is divided by 861?
847
Calculate the remainder when 52408 is divided by 728.
720
What is the remainder when 5474 is divided by 33?
29
What is the remainder when 28741 is divided by 33?
31
Calculate the remainder when 136705 is divided by 10515.
10
What is the remainder when 13637 is divided by 8?
5
What is the remainder when 168028 is divided by 3231?
16
Calculate the remainder when 2526 is divided by 160.
126
Calculate the remainder when 700 is divided by 563.
137
What is the remainder when 4275 is divided by 68?
59
What is the remainder when 15 is divided by 10?
5
Calculate the remainder when 1676 is divided by 1458.
218
What is the remainder when 44185 is divided by 803?
20
What is the remainder when 58131 is divided by 197?
16
What is the remainder when 94038 is divided by 131?
111
What is the remainder when 58722 is divided by 19510?
192
Calculate the remainder when 20641 is divided by 2947.
12
Calculate the remainder when 627 is divided by 29.
18
What is the remainder when 13003 is divided by 2595?
28
What is the remainder when 14059 is divided by 7025?
9
What is the remainder when 17250 is divided by 683?
175
Calculate the remainder when 1360 is divided by 91.
86
What is the remainder when 3365 is divided by 3277?
88
Calculate the remainder when 6755 is divided by 5149.
1606
Calculate the remainder when 342681 is divided by 1061.
1039
Calculate the remainder when 11044 is divided by 5510.
24
What is the remainder when 219330 is divided by 988?
982
What is the remainder when 86 is divided by 49?
37
Calculate the remainder when 2365 is divided by 967.
431
What is the remainder when 33746 is divided by 8434?
10
Calculate the remainder when 190401 is divided by 54.
51
What is the remainder when 8357 is divided by 93?
80
What is the remainder when 3108 is divided by 6?
0
Calculate the remainder when 21141 is divided by 50.
41
What is the remainder when 968 is divided by 451?
66
Calculate the remainder when 10220 is divided by 155.
145
What is the remainder when 130703 is divided by 11881?
12
Calculate the remainder when 3359 is divided by 1117.
8
What is the remainder when 21333 is divided by 2749?
2090
Calculate the remainder when 24418 is divided by 210.
58
Calculate the remainder when 95494 is divided by 6.
4
Calculate the remainder when 10589 is divided by 628.
541
Calculate the remainder when 61250 is divided by 1701.
14
Calculate the remainder when 31475 is divided by 180.
155
What is the remainder when 505295 is divided by 396?
395
Calculate the remainder when 9753 is divided by 3230.
63
What is the remainder when 47707 is divided by 23851?
5
Calculate the remainder when 2054 is divided by 448.
262
Calculate the remainder when 15394 is divided by 467.
450
What is the remainder when 1528898 is divided by 16?
2
Calculate the remainder when 5213 is divided by 326.
323
What is the remainder when 12197 is divided by 3049?
1
What is the remainder when 148859 is divided by 130?
9
What is the remainder when 375 is divided by 122?
9
Calculate the remainder when 40690 is divided by 357.
349
What is the remainder when 3542 is divided by 316?
66
What is the remainder when 44153 is divided by 19?
16
Calculate the remainder when 1789289 is divided by 10.
9
Calculate the remainder when 5501 is divided by 322.
27
What is the remainder when 2820479 is divided by 480?
479
Calculate the remainder when 4114 is divided by 109.
81
Calculate the remainder when 25542 is divided by 393.
390
What is the remainder when 788830 is divided by 129?
124
What is the remainder when 189384 is divided by 17?
4
What is the remainder when 1977 is divided by 1004?
973
Calculate the remainder when 286075 is divided by 143031.
13
What is the remainder when 4356 is divided by 4273?
83
What is the remainder when 22697 is divided by 194?
193
What is the remainder when 19394 is divided by 52?
50
What is the remainder when 118577 is divided by 118544?
33
Calculate the remainder when 1359 is divided by 10.
9
Calculate the remainder when 45264 is divided by 270.
174
What is the remainder when 281535 is divided by 28?
23
Calculate the remainder when 38676 is divided by 11.
0
Calculate the remainder when 91622 is divided by 29.
11
Calculate the remainder when 295916 is divided by 216.
212
Calculate the remainder when 10779 is divided by 212.
179
What is the remainder when 6721 is divided by 248?
25
What is the remainder when 147463 is divided by 87?
85
What is the remainder when 2532 is divided by 695?
447
What is the remainder when 10862 is divided by 51?
50
Calculate the remainder when 3885116 is divided by 380.
376
What is the remainder when 4126 is divided by 71?
8
What is the remainder when 575964 is divided by 19?
17
Calculate the remainder when 38113 is divided by 9449.
317
Calculate the remainder when 417212 is divided by 5638.
0
Calculate the remainder when 31105 is divided by 610.
605
What is the remainder when 44862 is divided by 1864?
126
Calculate the remainder when 3792579 is divided by 246.
243
Calculate the remainder when 62298 is divided by 301.
292
Calculate the remainder when 1495518 is divided by 23.
12
What is the remainder when 12324 is divided by 585?
39
What is the remainder when 47233 is divided by 7?
4
Calculate the remainder when 5749 is divided by 1656.
781
Calculate the remainder when 63512 is divided by 1025.
987
What is the remainder when 895 is divided by 426?
43
What is the remainder when 6939 is divided by 2308?
15
Calculate the remainder when 5564 is divided by 2666.
232
Calculate the remainder when 556538 is divided by 773.
751
What is the remainder when 556204 is divided by 16?
12
What is the remainder when 540925 is divided by 219?
214
What is the remainder when 2327 is divided by 1508?
819
What is the remainder when 4858 is divided by 10?
8
Calculate the remainder when 1189327 is divided by 23.
20
Calculate the remainder when 69531 is divided by 159.
48
What is the remainder when 122162 is divided by 18?
14
What is the remainder when 156285 is divided by 37?
34
What is the remainder when 2682 is